Give p(s).
-5
Let h(u) = 6*u + 4. Let i(r) = 7*r + 5. Let k(w) = -5*h(w) + 4*i(w). Let p be k(-3). Let b(f) = -p*f**2 + f + f**2 + 4*f**2 + 1. Determine b(2).
-1
Let k(y) = y**3 - 2*y - 1. Let s = 21 + -30. Let m = s + 9. Let u be (2/(-1))/(2 - m). Give k(u).
0
Let i(k) be the first derivative of 1/3*k**3 + k**2 - 1/4*k**4 - 5 + 2*k. Determine i(3).
-10
Let q(l) = 2*l - 14. Let p be q(6). Let a(u) = u + 2. What is a(p)?
0
Let k(d) = -2*d + 2. Let v be k(4). Let c(t) = t + 1. Let y(p) = -4*p - 3. Let x(l) = v*c(l) - 2*y(l). Calculate x(1).
2
Suppose -2 + 3 = -v. Let l(a) be the second derivative of a**6/180 - a**5/120 + a**4/4 + 2*a. Let h(p) be the third derivative of l(p). Give h(v).
-5
Let t(n) be the third derivative of -n**6/720 - n**5/60 - n**4/12 + n**2. Let u(j) be the second derivative of t(j). What is u(-3)?
1
Let b = 2 - 0. Let o(t) be the first derivative of -t**2 + 2*t - 58. Give o(b).
-2
Let u(m) be the first derivative of -1/3*m**3 - 1/2*m**2 + 3*m + 5. Give u(-3).
-3
Let o(g) = 5*g**3 - g**2 + g - 8. Let h(t) = -6*t**3 - 2*t + 9. Let q(d) = -4*h(d) - 5*o(d). What is q(6)?
-14
Let a(m) = m - 15. Let l be a(13). Let f(c) = -4*c - 1 + 2*c**2 - 4 - c**2. Let k(y) = -y**2 + 3*y + 5. Let z(j) = l*f(j) - 3*k(j). Give z(4).
7
Let x(k) = -k**2 - 6*k - 2. Let l be x(-5). Let v = l + 4. Let t(d) = -d**2 + 8*d - 6. Give t(v).
1
Let s(b) = -b**2 - b + 3. Let v(t) = t**2 + 2*t - 4. Let q(a) = -2*s(a) - 3*v(a). Determine q(-6).
-6
Let q(d) = -3*d. Let i = -8 + 12. Suppose 4 = -i*m + 2*m. Give q(m).
6
Let h(w) = -30*w + 7. Let z(y) = 15*y - 4. Let n(k) = 3*h(k) + 5*z(k). Determine n(1).
-14
Let s = -73 + 72. Let h(g) = -3*g**2 + g. Determine h(s).
-4
Let d(q) be the third derivative of q**4/8 - q**2. Suppose -7*v - 7*v - 14 = 0. Calculate d(v).
-3
Let u be (-3)/((-6)/4*1). Suppose 0 = l + u*l. Suppose -q = 3*t - 7, l = -4*q + t + 3*t - 36. Let z(g) = g**2 + 5*g - 2. What is z(q)?
-2
Let i(a) = a. Let u(y) = 2*y - 5. Let x be u(5). Suppose -d + 0*d = x, 4*p = 4*d + 32. Suppose 2*h + 4*r - 5*r = 16, p*h = r + 22. Calculate i(h).
6
Let k(l) = 3*l**3 + 2*l**2 - 3*l - 3. Let z = -11 - -9. Give k(z).
-13
Let b(s) = 9 - 4*s**3 - 8 - 2*s**2 + s**2 + 3*s**3. Calculate b(-1).
1
Let s(r) = r**2 - 5*r + 4. Let m be -2*3/(-6) - -1. Let q = m + 2. Calculate s(q).
0
Let y be (-3)/(-3)*2 - -2. Suppose 7*n - 21 = y*n. Let g(f) = -f**2 + 8*f - 9. What is g(n)?
-2
Let l = 7 - -5. Suppose -q = 2*q - 30. Let h be q/3 - 4/l. Let m(b) = -b**3 + 2*b**2 + 2. Calculate m(h).
-7
Let s(h) = h - 7. Let b be s(7). Let x(q) = -q**3 - q**2 + q + 1. Let k(c) = -5*c**3 - 7*c**2 + 7*c + 8. Let z(r) = k(r) - 6*x(r). Determine z(b).
2
Let m(h) = h**3 - 5*h**2 - h + 1. Suppose -4*u - 3*o = -17, 2*o + 7 = -u + 2*u. Give m(u).
-4
Let s(d) be the third derivative of -d**4/12 - d**3/6 + 6*d**2. What is s(4)?
-9
Let n(q) = 2*q**2 - 4 - 2*q**3 + 1 - q + 1 + 0*q**2. Determine n(2).
-12
Suppose m - 3 - 2 = 0. Let p = -1 + m. Suppose 2*h - 24 = 4*r, -5*r - 40 = -p*h - 7. Let b(z) = z**3 + 6*z**2 + 3*z - 5. Calculate b(r).
5
Let k(q) = q**2 - 7*q + 2. Let m be k(7). Let v(p) = 5*p + m*p - 3*p - p**2 + 0*p**2 - p**3. Calculate v(-3).
6
Suppose 24 = 2*v - 6*v. Let c(m) = m**2 + 5*m - 8. Let q be c(v). Let b(z) = -2*z**2 + 0*z**2 + z - 1 + 3*z**2. Determine b(q).
1
Let a(f) = f**2 + 2*f + 5. Let t(w) = -3*w**2 - 6*w - 16. Let r(o) = 7*a(o) + 2*t(o). Give r(-3).
6
Suppose -10 = 3*v + 2*v. Let x(a) = a - 3. Let s(c) = 4*c - 10. Let j(m) = v*s(m) + 7*x(m). Let l(k) = k**2 - k - 4. Let t be l(3). Calculate j(t).
-3
Let z(g) be the first derivative of 23*g**4/4 + 2*g**3/3 - g**2/2 - 21. Determine z(1).
24
Let o(q) = q**2 + 5*q - 10. Let v be -1 + -1 + 1 - 6. Let g be o(v). Let l(n) = -n**2 - 3 + 5*n + 5 + 0. What is l(g)?
6
Let h(s) = -3*s - 4*s + 4 + 12*s - 4*s. Calculate h(-3).
1
Let c(p) be the second derivative of 1/2*p**2 + 0 - 5*p + 7/3*p**3. Calculate c(1).
15
Let b = 48 - 45. Let l(n) be the second derivative of -b*n**2 + 1/20*n**5 - 1/3*n**3 + 0 - 3*n + 5/12*n**4. Determine l(-5).
4
Let i(w) = 12*w + 2 + 0 + 3 - 2. Calculate i(-2).
-21
Suppose 0 = -5*t + 4*k + 31, 3*t + t - 26 = 2*k. Let a(p) = -p**3 + 6*p**2 + 8*p. Determine a(t).
7
Suppose 5*o = 2*s - 26, 2*s - 4*o - 22 = -0*s. Let f(g) = -2*g**s + 3*g**3 + 6 - g**3 + g**3. Calculate f(0).
6
Let x be 2*(3 + -2) + 2. Let k(i) = i**3 - 3*i**2 - 9*i + 5. Let r(w) = -2*w**3 + 6*w**2 + 17*w - 9. Let c(p) = 5*k(p) + 3*r(p). Give c(x).
6
Let d(n) = -n**2 - 2*n + 1. Suppose -2*b = b - 9, 2*y + 143 = -5*b. Let p be y/(-9) + 12/54. Suppose -11 = 5*l + p. Give d(l).
-7
Let p(z) = -z - 8. Let y = -14 - -18. Suppose 4*t = -3*h - 1, y*h + 5*t = 5*h + 32. Give p(h).
-1
Let k(j) be the second derivative of 0 + 2*j + 1/3*j**3 + 3/2*j**2 - 5/12*j**4 + 1/20*j**5. What is k(4)?
-5
Let g = -2 + 2. Let f be 1*(g + -2) + -2. Let v(y) = -y**2 - 3*y + 1. Determine v(f).
-3
Let q(p) = -5 - 2*p - 5*p + 6*p. Let j(u) = -u - 11. Let n be ((-12)/(-10))/(1/(-5)). Let s be j(n). Give q(s).
0
Let g(u) be the first derivative of u**4/4 + 5*u**3/3 + 3*u**2/2 + u + 41. What is g(-2)?
7
Let a(t) = t**3 + t**2 - t. Let l(x) = -x**3 + x**3 + 4*x**3 - 6*x + 5*x + 7*x**2. Let k(h) = 5*a(h) - l(h). Calculate k(3).
-3
Let p = 5 - 2. Suppose 0*m - p*d - 2 = -m, -2*m = 3*d - 4. Suppose -5*s - 12 = -m*s. Let b(z) = z**2 + 4*z + 6. Calculate b(s).
6
Let q(b) = -b**2 - 6*b - 3. Let d = 3 - 7. Let k be q(d). Let m(v) = -v + 11. Calculate m(k).
6
Let m(o) be the third derivative of o**6/120 + o**5/12 - 5*o**4/24 + o**3/6 - 11*o**2. What is m(-6)?
-5
Let s(k) = 2*k + 9. Let u(m) = m + 4. Let q(d) = -3*s(d) + 5*u(d). Calculate q(-6).
-1
Let s(a) = -2*a + 3*a - 4*a + 4. Suppose 5*u + 3*b = 52 - 13, -u - 5*b - 1 = 0. Let m = -6 + u. Give s(m).
-5
Suppose 2*u + 8 = 0, 3*t + 2*u - 7*u = 35. Suppose -3*d + t = -1. Suppose h + h = d. Let i(f) = 6*f**3 + f**2 - 1. Determine i(h).
6
Let x(q) = -1 - 10*q - 9 + 9. Suppose 4*y = 3*y + 3, -2*d = -3*y + 1. Let w be (d/(-12))/(1/3). Calculate x(w).
9
Suppose 4*f - 1 - 3 = 3*s, -4*s + 5*f = 6. Let g = s - -7. Let r(y) = 0*y**3 + 2 + y**g + 5*y**2 - y**2. Give r(-3).
11
Let r(p) = p - 5. Suppose z - 4 = 1. Calculate r(z).
0
Let s(a) = a**2 + 3*a - 4. Suppose -5*r - 21 - 5 = 3*d, 8 = 2*d - 3*r. Let l be ((-1)/d)/(-1)*-4. Suppose -l*h - h - 12 = 0. What is s(h)?
0
Suppose -s + 6 - 4 = 0. Suppose -4*i + 4*x - 16 = 0, s = -x + 6. Let u(r) = r**3 - 2. Determine u(i).
-2
Let h(n) = n + 13. Let w(o) = -3*o - 60. Let m be w(-18). Give h(m).
7
Let h(q) = -q**3 - 7*q**2 + 5*q - 2. Let r(d) = -d**2 + d. Let a = -1 - 0. Let z(s) = a*h(s) + 6*r(s). Calculate z(0).
2
Let c = 6 - 2. Suppose -c*l - 6 = -6*l. Let f(n) = 3*n + 1. Calculate f(l).
10
Suppose -d + 5*f + 14 = 0, f + 2 - 16 = -d. Let v = -10 + d. Suppose 0 = -5*b + 5*s - 45, b + 11 = 2*b + v*s. Let q(y) = -y**2 - 5*y - 4. Calculate q(b).
-4
Let c(o) = o + 3. Let v be (1/3)/(2/(-30)). Let f be c(v). Let d(m) = 2*m. Determine d(f).
-4
Let f(u) = u**2 + 2*u + 1. Let b be (-4 - (-5)/2)/((-9)/(-12)). Determine f(b).
1
Let n be -2*((-1)/2 - 0). Let w(r) be the first derivative of r**5/60 - r**4/24 - r**3/6 - 3*r**2 + 4. Let u(x) be the second derivative of w(x). What is u(n)?
-1
Let g be 36/10 + (-4)/(-10). Suppose -g*z + 3 = -z - v, 3*v - 7 = z. Let x(j) = 4*j**3 + 1 - 3*j**2 - 3*j**3 + 2*j**z - 2*j - 2*j. Calculate x(3).
7
Let v(z) = -z - 6. Let p be 8/(-6)*(-12)/8. Suppose p*s + 5*x - 15 = 0, -2*x = -2*s - 2 - 4. Give v(s).
-6
Let k(c) = c**2 - 2*c + 3. Let w = -27 - -29. Give k(w).
3
Suppose -3*i = 4*m - 7, 0 = i + m - 2*m + 7. Let p(g) = -g**2 - 5*g - 4. Determine p(i).
2
Let v(i) = -2*i**2 - 2 - 3*i - 2*i**2 + 6*i**2. Let k be 4/(-10) - (-17)/5. Let d = 0 + k. What is v(d)?
7
Let u(i) = i**2 + i. Suppose m = -6*m + 7. Calculate u(m).
2
Let o(q) = 3*q**3 + q**2 + q + 1. Let d(m) = m**3 + 3*m**2 + 5*m + 5. Let s be d(-2). What is o(s)?
-2
Let j = 0 - 0. Let a(s) = s + 6. Let z(h) = 2*h + 11. Suppose -6 = -6*b + 5*b. Let x(k) = b*z(k) - 11*a(k). Give x(j).
0
Let n(u) be the second derivative of -1/12*u**4 + 3*u + 0 + u**3 + 1/2*u**2. Give n(6).
1
Let r(c) = -9*c + 1. Let n(y) = 4*y. Suppose 4 = j + 1. Let a(v) = j*r(v) + 7*n(v). Calculate a(-3).
0
Let w(q) = 2*q + 1. Let f(k) = -k. Let y(a) = 5*f(a) + 2*w(a).